CRAN Package Check Results for Package Compind

Last updated on 2021-06-15 08:49:50 CEST.

Flavor Version Tinstall Tcheck Ttotal Status Flags
r-devel-linux-x86_64-debian-clang 2.2 24.46 207.46 231.92 OK
r-devel-linux-x86_64-debian-gcc 2.2 19.28 152.31 171.59 OK
r-devel-linux-x86_64-fedora-clang 2.2 288.49 OK
r-devel-linux-x86_64-fedora-gcc 2.2 274.85 OK
r-devel-windows-x86_64 2.2 34.00 245.00 279.00 OK
r-devel-windows-x86_64-gcc10-UCRT 2.2 ERROR
r-patched-linux-x86_64 2.2 22.76 192.35 215.11 OK
r-patched-solaris-x86 2.2 391.00 OK
r-release-linux-x86_64 2.2 20.26 191.76 212.02 OK
r-release-macos-arm64 2.2 OK
r-release-macos-x86_64 2.2 OK
r-release-windows-ix86+x86_64 2.2 52.00 239.00 291.00 OK
r-oldrel-macos-x86_64 2.2 OK
r-oldrel-windows-ix86+x86_64 2.2 55.00 254.00 309.00 OK

Check Details

Version: 2.2
Check: package dependencies
Result: ERROR
    Package required but not available: 'spdep'
    
    See section 'The DESCRIPTION file' in the 'Writing R Extensions'
    manual.
Flavor: r-devel-windows-x86_64-gcc10-UCRT