CRAN Package Check Results for Package CompModels

Last updated on 2021-09-28 07:48:23 CEST.

Flavor Version Tinstall Tcheck Ttotal Status Flags
r-devel-linux-x86_64-debian-clang 0.2.0 4.45 46.44 50.89 NOTE
r-devel-linux-x86_64-debian-gcc 0.2.0 3.26 37.50 40.76 NOTE
r-devel-linux-x86_64-fedora-clang 0.2.0 69.92 NOTE
r-devel-linux-x86_64-fedora-gcc 0.2.0 59.22 NOTE
r-devel-windows-x86_64 0.2.0 9.00 60.00 69.00 NOTE
r-devel-windows-x86_64-gcc10-UCRT 0.2.0 NOTE
r-patched-linux-x86_64 0.2.0 3.68 46.82 50.50 NOTE
r-patched-solaris-x86 0.2.0 95.50 NOTE
r-release-linux-x86_64 0.2.0 3.95 47.64 51.59 NOTE
r-release-macos-arm64 0.2.0 NOTE
r-release-macos-x86_64 0.2.0 NOTE
r-release-windows-ix86+x86_64 0.2.0 19.00 87.00 106.00 NOTE
r-oldrel-macos-x86_64 0.2.0 OK
r-oldrel-windows-ix86+x86_64 0.2.0 17.00 67.00 84.00 OK

Check Details

Version: 0.2.0
Check: LazyData
Result: NOTE
     'LazyData' is specified without a 'data' directory
Flavors: r-devel-linux-x86_64-debian-clang, r-devel-linux-x86_64-debian-gcc, r-devel-linux-x86_64-fedora-clang, r-devel-linux-x86_64-fedora-gcc, r-devel-windows-x86_64, r-devel-windows-x86_64-gcc10-UCRT, r-patched-linux-x86_64, r-patched-solaris-x86, r-release-linux-x86_64, r-release-macos-arm64, r-release-macos-x86_64, r-release-windows-ix86+x86_64