CRAN Package Check Results for Package CircMLE

Last updated on 2021-05-08 07:48:02 CEST.

Flavor Version Tinstall Tcheck Ttotal Status Flags
r-devel-linux-x86_64-debian-clang 0.3.0 4.54 56.02 60.56 NOTE
r-devel-linux-x86_64-debian-gcc 0.3.0 3.39 41.59 44.98 NOTE
r-devel-linux-x86_64-fedora-clang 0.3.0 82.41 NOTE
r-devel-linux-x86_64-fedora-gcc 0.3.0 70.84 NOTE
r-devel-windows-ix86+x86_64 0.3.0 8.00 75.00 83.00 NOTE
r-devel-windows-x86_64-gcc10-UCRT 0.3.0 NOTE
r-patched-linux-x86_64 0.3.0 4.63 54.27 58.90 NOTE
r-patched-solaris-x86 0.3.0 95.90 OK
r-release-linux-x86_64 0.3.0 5.06 53.22 58.28 OK
r-release-macos-x86_64 0.3.0 OK
r-release-windows-ix86+x86_64 0.3.0 8.00 55.00 63.00 OK
r-oldrel-macos-x86_64 0.3.0 OK
r-oldrel-windows-ix86+x86_64 0.3.0 8.00 61.00 69.00 OK

Check Details

Version: 0.3.0
Check: LazyData
Result: NOTE
     'LazyData' is specified without a 'data' directory
Flavors: r-devel-linux-x86_64-debian-clang, r-devel-linux-x86_64-debian-gcc, r-devel-linux-x86_64-fedora-clang, r-devel-linux-x86_64-fedora-gcc, r-devel-windows-ix86+x86_64, r-devel-windows-x86_64-gcc10-UCRT, r-patched-linux-x86_64