CRAN Package Check Results for Package ChangePointTaylor

Last updated on 2021-06-19 07:48:45 CEST.

Flavor Version Tinstall Tcheck Ttotal Status Flags
r-devel-linux-x86_64-debian-clang 0.1.1 45.94 47.81 93.75 OK
r-devel-linux-x86_64-debian-gcc 0.1.1 24.51 35.85 60.36 OK
r-devel-linux-x86_64-fedora-clang 0.1.1 129.86 NOTE
r-devel-linux-x86_64-fedora-gcc 0.1.1 106.16 NOTE
r-devel-windows-x86_64 0.1.1 51.00 189.00 240.00 OK
r-devel-windows-x86_64-gcc10-UCRT 0.1.1 NOTE
r-patched-linux-x86_64 0.1.1 24.51 45.94 70.45 OK
r-patched-solaris-x86 0.1.1 125.90 NOTE
r-release-linux-x86_64 0.1.1 25.46 46.52 71.98 OK
r-release-macos-arm64 0.1.1 NOTE
r-release-macos-x86_64 0.1.1 NOTE
r-release-windows-ix86+x86_64 0.1.1 93.00 202.00 295.00 OK
r-oldrel-macos-x86_64 0.1.1 NOTE
r-oldrel-windows-ix86+x86_64 0.1.1 67.00 171.00 238.00 OK

Check Details

Version: 0.1.1
Check: dependencies in R code
Result: NOTE
    Namespaces in Imports field not imported from:
     ‘bench’ ‘ggplot2’
     All declared Imports should be used.
Flavors: r-devel-linux-x86_64-fedora-clang, r-devel-linux-x86_64-fedora-gcc, r-devel-windows-x86_64-gcc10-UCRT, r-patched-solaris-x86, r-release-macos-arm64, r-release-macos-x86_64, r-oldrel-macos-x86_64