CRAN Package Check Results for Package CerioliOutlierDetection

Last updated on 2021-08-04 07:49:27 CEST.

Flavor Version Tinstall Tcheck Ttotal Status Flags
r-devel-linux-x86_64-debian-clang 1.1.9 2.21 26.61 28.82 NOTE
r-devel-linux-x86_64-debian-gcc 1.1.9 1.92 21.21 23.13 NOTE
r-devel-linux-x86_64-fedora-clang 1.1.9 45.91 NOTE
r-devel-linux-x86_64-fedora-gcc 1.1.9 34.59 NOTE
r-devel-windows-x86_64 1.1.9 4.00 40.00 44.00 OK
r-devel-windows-x86_64-gcc10-UCRT 1.1.9 NOTE
r-patched-linux-x86_64 1.1.9 4.21 25.80 30.01 NOTE
r-patched-solaris-x86 1.1.9 54.70 NOTE
r-release-linux-x86_64 1.1.9 2.53 26.16 28.69 NOTE
r-release-macos-arm64 1.1.9 NOTE
r-release-macos-x86_64 1.1.9 NOTE
r-release-windows-ix86+x86_64 1.1.9 6.00 35.00 41.00 OK
r-oldrel-macos-x86_64 1.1.9 OK
r-oldrel-windows-ix86+x86_64 1.1.9 5.00 43.00 48.00 OK

Check Details

Version: 1.1.9
Check: package dependencies
Result: NOTE
    Package suggested but not available for checking: 'alr3'
Flavors: r-devel-linux-x86_64-debian-clang, r-devel-linux-x86_64-debian-gcc, r-devel-linux-x86_64-fedora-clang, r-devel-linux-x86_64-fedora-gcc, r-devel-windows-x86_64-gcc10-UCRT, r-patched-linux-x86_64, r-patched-solaris-x86, r-release-linux-x86_64, r-release-macos-arm64, r-release-macos-x86_64