CRAN Package Check Results for Package CensMFM

Last updated on 2021-09-24 07:49:12 CEST.

Flavor Version Tinstall Tcheck Ttotal Status Flags
r-devel-linux-x86_64-debian-clang 2.11 9.81 68.13 77.94 NOTE
r-devel-linux-x86_64-debian-gcc 2.11 6.86 50.40 57.26 NOTE
r-devel-linux-x86_64-fedora-clang 2.11 100.00 NOTE
r-devel-linux-x86_64-fedora-gcc 2.11 88.86 NOTE
r-devel-windows-x86_64 2.11 13.00 66.00 79.00 NOTE
r-devel-windows-x86_64-gcc10-UCRT 2.11 NOTE
r-patched-linux-x86_64 2.11 9.49 62.86 72.35 NOTE
r-patched-solaris-x86 2.11 119.60 NOTE
r-release-linux-x86_64 2.11 9.54 62.85 72.39 NOTE
r-release-macos-arm64 2.11 NOTE
r-release-macos-x86_64 2.11 NOTE
r-release-windows-ix86+x86_64 2.11 20.00 82.00 102.00 NOTE
r-oldrel-macos-x86_64 2.11 OK
r-oldrel-windows-ix86+x86_64 2.11 15.00 62.00 77.00 OK

Check Details

Version: 2.11
Check: LazyData
Result: NOTE
     'LazyData' is specified without a 'data' directory
Flavors: r-devel-linux-x86_64-debian-clang, r-devel-linux-x86_64-debian-gcc, r-devel-linux-x86_64-fedora-clang, r-devel-linux-x86_64-fedora-gcc, r-devel-windows-x86_64, r-devel-windows-x86_64-gcc10-UCRT, r-patched-linux-x86_64, r-patched-solaris-x86, r-release-linux-x86_64, r-release-macos-arm64, r-release-macos-x86_64, r-release-windows-ix86+x86_64