CRAN Package Check Results for Package CausalQueries

Last updated on 2021-08-05 07:49:17 CEST.

Flavor Version Tinstall Tcheck Ttotal Status Flags
r-devel-linux-x86_64-debian-clang 0.0.3 146.72 119.80 266.52 NOTE
r-devel-linux-x86_64-debian-gcc 0.0.3 116.15 93.07 209.22 NOTE
r-devel-linux-x86_64-fedora-clang 0.0.3 342.71 NOTE
r-devel-linux-x86_64-fedora-gcc 0.0.3 344.73 NOTE
r-devel-windows-x86_64 0.0.3 160.00 178.00 338.00 NOTE
r-devel-windows-x86_64-gcc10-UCRT 0.0.3 ERROR
r-patched-linux-x86_64 0.0.3 113.18 116.36 229.54 NOTE
r-patched-solaris-x86 0.0.3 377.00 NOTE
r-release-linux-x86_64 0.0.3 108.95 116.19 225.14 NOTE
r-release-macos-arm64 0.0.3 NOTE
r-release-macos-x86_64 0.0.3 NOTE
r-release-windows-ix86+x86_64 0.0.3 309.00 246.00 555.00 NOTE
r-oldrel-macos-x86_64 0.0.3 NOTE
r-oldrel-windows-ix86+x86_64 0.0.3 271.00 249.00 520.00 NOTE

Check Details

Version: 0.0.3
Check: for GNU extensions in Makefiles
Result: NOTE
    GNU make is a SystemRequirements.
Flavors: r-devel-linux-x86_64-debian-clang, r-devel-linux-x86_64-debian-gcc, r-devel-linux-x86_64-fedora-clang, r-devel-linux-x86_64-fedora-gcc, r-devel-windows-x86_64, r-patched-linux-x86_64, r-patched-solaris-x86, r-release-linux-x86_64, r-release-macos-arm64, r-release-macos-x86_64, r-release-windows-ix86+x86_64, r-oldrel-macos-x86_64, r-oldrel-windows-ix86+x86_64

Version: 0.0.3
Check: installed package size
Result: NOTE
     installed size is 30.6Mb
     sub-directories of 1Mb or more:
     libs 30.0Mb
Flavors: r-devel-linux-x86_64-fedora-clang, r-release-macos-arm64, r-release-macos-x86_64, r-oldrel-macos-x86_64

Version: 0.0.3
Check: package dependencies
Result: ERROR
    Packages required but not available:
     'dplyr', 'rstan', 'rstantools', 'StanHeaders'
    
    Package suggested but not available for checking: 'testthat'
    
    See section 'The DESCRIPTION file' in the 'Writing R Extensions'
    manual.
Flavor: r-devel-windows-x86_64-gcc10-UCRT