CRAN Package Check Results for Package CamelUp

Last updated on 2021-08-02 07:51:39 CEST.

Flavor Version Tinstall Tcheck Ttotal Status Flags
r-devel-linux-x86_64-debian-clang 2.0.3 118.20 82.39 200.59 NOTE
r-devel-linux-x86_64-debian-gcc 2.0.3 83.27 61.31 144.58 NOTE
r-devel-linux-x86_64-fedora-clang 2.0.3 283.24 NOTE
r-devel-linux-x86_64-fedora-gcc 2.0.3 251.68 NOTE
r-devel-windows-x86_64 2.0.3 105.00 107.00 212.00 NOTE
r-devel-windows-x86_64-gcc10-UCRT 2.0.3 NOTE
r-patched-linux-x86_64 2.0.3 NOTE
r-patched-solaris-x86 2.0.3 249.10 NOTE
r-release-linux-x86_64 2.0.3 97.38 78.34 175.72 NOTE
r-release-macos-arm64 2.0.3 NOTE
r-release-macos-x86_64 2.0.3 NOTE
r-release-windows-ix86+x86_64 2.0.3 253.00 146.00 399.00 NOTE
r-oldrel-macos-x86_64 2.0.3 NOTE
r-oldrel-windows-ix86+x86_64 2.0.3 191.00 151.00 342.00 OK

Check Details

Version: 2.0.3
Check: LazyData
Result: NOTE
     'LazyData' is specified without a 'data' directory
Flavors: r-devel-linux-x86_64-debian-clang, r-devel-linux-x86_64-debian-gcc, r-devel-linux-x86_64-fedora-clang, r-devel-linux-x86_64-fedora-gcc, r-devel-windows-x86_64, r-devel-windows-x86_64-gcc10-UCRT, r-patched-linux-x86_64, r-patched-solaris-x86, r-release-linux-x86_64, r-release-macos-arm64, r-release-macos-x86_64, r-release-windows-ix86+x86_64

Version: 2.0.3
Check: installed package size
Result: NOTE
     installed size is 9.8Mb
     sub-directories of 1Mb or more:
     libs 9.5Mb
Flavors: r-devel-linux-x86_64-fedora-clang, r-release-macos-arm64, r-release-macos-x86_64, r-oldrel-macos-x86_64