CRAN Package Check Results for Package CUFF

Last updated on 2021-05-08 07:48:04 CEST.

Flavor Version Tinstall Tcheck Ttotal Status Flags
r-devel-linux-x86_64-debian-clang 1.7 16.83 143.72 160.55 NOTE
r-devel-linux-x86_64-debian-gcc 1.7 13.76 109.28 123.04 NOTE
r-devel-linux-x86_64-fedora-clang 1.7 199.91 NOTE
r-devel-linux-x86_64-fedora-gcc 1.7 189.69 NOTE
r-devel-windows-ix86+x86_64 1.7 36.00 150.00 186.00 NOTE
r-devel-windows-x86_64-gcc10-UCRT 1.7 NOTE
r-patched-linux-x86_64 1.7 15.93 138.06 153.99 NOTE
r-patched-solaris-x86 1.7 245.50 OK
r-release-linux-x86_64 1.7 16.56 132.93 149.49 OK
r-release-macos-x86_64 1.7 OK
r-release-windows-ix86+x86_64 1.7 30.00 104.00 134.00 OK
r-oldrel-macos-x86_64 1.7 OK
r-oldrel-windows-ix86+x86_64 1.7 33.00 132.00 165.00 OK

Check Details

Version: 1.7
Check: LazyData
Result: NOTE
     'LazyData' is specified without a 'data' directory
Flavors: r-devel-linux-x86_64-debian-clang, r-devel-linux-x86_64-debian-gcc, r-devel-linux-x86_64-fedora-clang, r-devel-linux-x86_64-fedora-gcc, r-devel-windows-ix86+x86_64, r-devel-windows-x86_64-gcc10-UCRT, r-patched-linux-x86_64