CRAN Package Check Results for Package CTD

Last updated on 2021-09-19 07:50:12 CEST.

Flavor Version Tinstall Tcheck Ttotal Status Flags
r-devel-linux-x86_64-debian-clang 1.0.0 6.46 270.30 276.76 OK
r-devel-linux-x86_64-debian-gcc 1.0.0 4.78 203.83 208.61 OK
r-devel-linux-x86_64-fedora-clang 1.0.0 356.84 OK
r-devel-linux-x86_64-fedora-gcc 1.0.0 355.95 OK
r-devel-windows-x86_64 1.0.0 8.00 259.00 267.00 OK
r-devel-windows-x86_64-gcc10-UCRT 1.0.0 ERROR
r-patched-linux-x86_64 1.0.0 6.86 244.77 251.63 OK
r-patched-solaris-x86 1.0.0 539.80 OK
r-release-linux-x86_64 1.0.0 6.37 243.41 249.78 OK
r-release-macos-arm64 1.0.0 OK
r-release-macos-x86_64 1.0.0 OK
r-release-windows-ix86+x86_64 1.0.0 12.00 317.00 329.00 OK
r-oldrel-macos-x86_64 1.0.0 OK
r-oldrel-windows-ix86+x86_64 1.0.0 11.00 325.00 336.00 OK

Check Details

Version: 1.0.0
Check: whether package can be installed
Result: WARN
    Found the following significant warnings:
     WARNING: installation-time patches will not be applied, could not get the patches index
Flavor: r-devel-windows-x86_64-gcc10-UCRT

Version: 1.0.0
Check: PDF version of manual
Result: WARN
    LaTeX errors when creating PDF version.
    This typically indicates Rd problems.
Flavor: r-devel-windows-x86_64-gcc10-UCRT

Version: 1.0.0
Check: PDF version of manual without hyperrefs or index
Result: ERROR
    Re-running with no redirection of stdout/stderr.
Flavor: r-devel-windows-x86_64-gcc10-UCRT