CRAN Package Check Results for Package CSIndicators

Last updated on 2021-12-02 08:51:06 CET.

Flavor Version Tinstall Tcheck Ttotal Status Flags
r-devel-linux-x86_64-debian-clang 0.0.1 9.79 181.84 191.63 OK
r-devel-linux-x86_64-debian-gcc 0.0.1 8.59 133.83 142.42 OK
r-devel-linux-x86_64-fedora-clang 0.0.1 242.92 OK
r-devel-linux-x86_64-fedora-gcc 0.0.1 235.00 OK
r-devel-windows-x86_64-new-UL 0.0.1 21.00 235.00 256.00 OK
r-devel-windows-x86_64-new-TK 0.0.1 OK
r-devel-windows-x86_64-old 0.0.1 18.00 168.00 186.00 OK
r-patched-linux-x86_64 0.0.1 9.60 169.90 179.50 OK
r-patched-solaris-x86 0.0.1 274.70 OK
r-release-linux-x86_64 0.0.1 9.35 168.89 178.24 OK
r-release-macos-arm64 0.0.1 OK
r-release-macos-x86_64 0.0.1 ERROR
r-release-windows-ix86+x86_64 0.0.1 26.00 226.00 252.00 OK
r-oldrel-macos-x86_64 0.0.1 ERROR
r-oldrel-windows-ix86+x86_64 0.0.1 27.00 223.00 250.00 OK

Check Details

Version: 0.0.1
Check: tests
Result: ERROR
     Running ‘testthat.R’ [27s/32s]
    Running the tests in ‘tests/testthat.R’ failed.
    Last 13 lines of output:
     SelectPeriodOnDates(...) not equal to `output5`.
     Lengths differ: 92 is not 300
     ── Error (test-SelectPeriod.R:124:3): Decadal ──────────────────────────────────
     Error: Found one or more margin dimensions with the same name and different length in some of the input objects in 'data'.
     Backtrace:
     █
     1. ├─testthat::expect_equal(...) test-SelectPeriod.R:124:2
     2. │ └─testthat::quasi_label(enquo(object), label, arg = "object")
     3. │ └─rlang::eval_bare(expr, quo_get_env(quo))
     4. └─CSIndicators::SelectPeriodOnData(...)
     5. └─multiApply::Apply(...)
    
     [ FAIL 2 | WARN 28 | SKIP 0 | PASS 144 ]
     Error: Test failures
     Execution halted
Flavor: r-release-macos-x86_64

Version: 0.0.1
Check: tests
Result: ERROR
     Running ‘testthat.R’ [23s/23s]
    Running the tests in ‘tests/testthat.R’ failed.
    Last 13 lines of output:
     dim(result) <- length(result)
     names(dim(result)) <- names(dim(x))
     return(result)
     }, output_dims = time_dim, ncores = ncores)`: Found one or more margin dimensions with the same name and different length in some of the input objects in 'data'.
     Backtrace:
     █
     1. ├─testthat::expect_equal(...) test-SelectPeriod.R:124:2
     2. │ └─testthat::quasi_label(enquo(object), label, arg = "object")
     3. │ └─rlang::eval_bare(expr, quo_get_env(quo))
     4. └─CSIndicators::SelectPeriodOnData(...)
     5. └─multiApply::Apply(...)
    
     [ FAIL 2 | WARN 36 | SKIP 0 | PASS 144 ]
     Error: Test failures
     Execution halted
Flavor: r-oldrel-macos-x86_64