CRAN Package Check Results for Package CDM

Last updated on 2021-07-31 07:50:33 CEST.

Flavor Version Tinstall Tcheck Ttotal Status Flags
r-devel-linux-x86_64-debian-clang 7.5-15 184.19 163.63 347.82 OK
r-devel-linux-x86_64-debian-gcc 7.5-15 110.25 120.13 230.38 OK
r-devel-linux-x86_64-fedora-clang 7.5-15 462.09 NOTE
r-devel-linux-x86_64-fedora-gcc 7.5-15 406.85 OK
r-devel-windows-x86_64 7.5-15 165.00 172.00 337.00 OK
r-devel-windows-x86_64-gcc10-UCRT 7.5-15 OK
r-patched-linux-x86_64 7.5-15 OK
r-patched-solaris-x86 7.5-15 400.20 OK
r-release-linux-x86_64 7.5-15 139.52 154.30 293.82 OK
r-release-macos-arm64 7.5-15 NOTE
r-release-macos-x86_64 7.5-15 NOTE
r-release-windows-ix86+x86_64 7.5-15 398.00 176.00 574.00 NOTE
r-oldrel-macos-x86_64 7.5-15 NOTE
r-oldrel-windows-ix86+x86_64 7.5-15 277.00 231.00 508.00 NOTE

Check Details

Version: 7.5-15
Check: installed package size
Result: NOTE
     installed size is 6.4Mb
     sub-directories of 1Mb or more:
     data 1.3Mb
     libs 3.6Mb
Flavors: r-devel-linux-x86_64-fedora-clang, r-release-macos-arm64, r-release-macos-x86_64, r-release-windows-ix86+x86_64, r-oldrel-macos-x86_64, r-oldrel-windows-ix86+x86_64

Version: 7.5-15
Check: Rd cross-references
Result: NOTE
    Undeclared package ‘car’ in Rd xrefs
Flavor: r-devel-linux-x86_64-fedora-clang