CRAN Package Check Results for Package CAMAN

Last updated on 2021-07-24 07:49:20 CEST.

Flavor Version Tinstall Tcheck Ttotal Status Flags
r-devel-linux-x86_64-debian-clang 0.74 22.70 58.64 81.34 OK
r-devel-linux-x86_64-debian-gcc 0.74 14.84 45.12 59.96 OK
r-devel-linux-x86_64-fedora-clang 0.74 115.77 NOTE
r-devel-linux-x86_64-fedora-gcc 0.74 95.27 NOTE
r-devel-windows-x86_64 0.74 22.00 70.00 92.00 OK
r-devel-windows-x86_64-gcc10-UCRT 0.74 OK
r-patched-linux-x86_64 0.74 18.38 56.79 75.17 OK
r-patched-solaris-x86 0.74 138.70 OK
r-release-linux-x86_64 0.74 16.82 56.77 73.59 OK
r-release-macos-arm64 0.74 OK
r-release-macos-x86_64 0.74 OK
r-release-windows-ix86+x86_64 0.74 45.00 103.00 148.00 OK
r-oldrel-macos-x86_64 0.74 OK
r-oldrel-windows-ix86+x86_64 0.74 45.00 112.00 157.00 OK

Check Details

Version: 0.74
Check: compiled code
Result: NOTE
    File ‘CAMAN/libs/CAMAN.so’:
     Found no calls to: ‘R_registerRoutines’, ‘R_useDynamicSymbols’
    
    It is good practice to register native routines and to disable symbol
    search.
    
    See ‘Writing portable packages’ in the ‘Writing R Extensions’ manual.
Flavors: r-devel-linux-x86_64-fedora-clang, r-devel-linux-x86_64-fedora-gcc