CRAN Package Check Results for Package C50

Last updated on 2021-08-03 07:54:15 CEST.

Flavor Version Tinstall Tcheck Ttotal Status Flags
r-devel-linux-x86_64-debian-clang 0.1.5 22.58 81.81 104.39 OK
r-devel-linux-x86_64-debian-gcc 0.1.5 15.76 62.71 78.47 OK
r-devel-linux-x86_64-fedora-clang 0.1.5 134.72 OK
r-devel-linux-x86_64-fedora-gcc 0.1.5 124.17 OK
r-devel-windows-x86_64 0.1.5 34.00 96.00 130.00 OK
r-devel-windows-x86_64-gcc10-UCRT 0.1.5 OK
r-patched-linux-x86_64 0.1.5 18.02 78.84 96.86 OK
r-patched-solaris-x86 0.1.5 172.60 OK
r-release-linux-x86_64 0.1.5 18.48 78.23 96.71 OK
r-release-macos-arm64 0.1.5 WARN
r-release-macos-x86_64 0.1.5 OK
r-release-windows-ix86+x86_64 0.1.5 75.00 134.00 209.00 OK
r-oldrel-macos-x86_64 0.1.5 OK
r-oldrel-windows-ix86+x86_64 0.1.5 58.00 136.00 194.00 OK

Check Details

Version: 0.1.5
Check: re-building of vignette outputs
Result: WARN
    Error(s) in re-building vignettes:
     ...
    --- re-building ‘C5.0.Rmd’ using rmarkdown
    Warning in engine$weave(file, quiet = quiet, encoding = enc) :
     Pandoc (>= 1.12.3) not available. Falling back to R Markdown v1.
    Quitting from lines 61-62 (C5.0.Rmd)
    Error: processing vignette 'C5.0.Rmd' failed with diagnostics:
    non-finite location and/or size for viewport
    --- failed re-building ‘C5.0.Rmd’
    
    --- re-building ‘Class_Probability_Calcs.Rmd’ using rmarkdown
    Warning in engine$weave(file, quiet = quiet, encoding = enc) :
     Pandoc (>= 1.12.3) not available. Falling back to R Markdown v1.
    --- finished re-building ‘Class_Probability_Calcs.Rmd’
    
    SUMMARY: processing the following file failed:
     ‘C5.0.Rmd’
    
    Error: Vignette re-building failed.
    Execution halted
Flavor: r-release-macos-arm64