CRAN Package Check Results for Package Bmix

Last updated on 2021-07-24 07:49:19 CEST.

Flavor Version Tinstall Tcheck Ttotal Status Flags
r-devel-linux-x86_64-debian-clang 0.6 10.98 22.35 33.33 OK
r-devel-linux-x86_64-debian-gcc 0.6 6.34 17.76 24.10 OK
r-devel-linux-x86_64-fedora-clang 0.6 54.70 NOTE
r-devel-linux-x86_64-fedora-gcc 0.6 38.61 NOTE
r-devel-windows-x86_64 0.6 15.00 37.00 52.00 OK
r-devel-windows-x86_64-gcc10-UCRT 0.6 OK
r-patched-linux-x86_64 0.6 7.37 21.66 29.03 OK
r-patched-solaris-x86 0.6 60.40 OK
r-release-linux-x86_64 0.6 8.46 21.77 30.23 OK
r-release-macos-arm64 0.6 OK
r-release-macos-x86_64 0.6 OK
r-release-windows-ix86+x86_64 0.6 26.00 57.00 83.00 OK
r-oldrel-macos-x86_64 0.6 OK
r-oldrel-windows-ix86+x86_64 0.6 27.00 61.00 88.00 OK

Check Details

Version: 0.6
Check: compiled code
Result: NOTE
    File ‘Bmix/libs/Bmix.so’:
     Found no calls to: ‘R_registerRoutines’, ‘R_useDynamicSymbols’
    
    It is good practice to register native routines and to disable symbol
    search.
    
    See ‘Writing portable packages’ in the ‘Writing R Extensions’ manual.
Flavors: r-devel-linux-x86_64-fedora-clang, r-devel-linux-x86_64-fedora-gcc