CRAN Package Check Results for Package BayesianTools

Last updated on 2021-05-12 07:48:14 CEST.

Flavor Version Tinstall Tcheck Ttotal Status Flags
r-devel-linux-x86_64-debian-clang 0.1.7 32.44 247.14 279.58 NOTE
r-devel-linux-x86_64-debian-gcc 0.1.7 23.15 178.70 201.85 NOTE
r-devel-linux-x86_64-fedora-clang 0.1.7 336.93 NOTE
r-devel-linux-x86_64-fedora-gcc 0.1.7 340.68 NOTE
r-devel-windows-ix86+x86_64 0.1.7 53.00 383.00 436.00 NOTE
r-devel-windows-x86_64-gcc10-UCRT 0.1.7 NOTE
r-patched-linux-x86_64 0.1.7 29.88 231.76 261.64 NOTE
r-patched-solaris-x86 0.1.7 395.80 NOTE
r-release-linux-x86_64 0.1.7 25.61 229.37 254.98 OK
r-release-macos-x86_64 0.1.7 OK
r-release-windows-ix86+x86_64 0.1.7 51.00 273.00 324.00 OK
r-oldrel-macos-x86_64 0.1.7 OK
r-oldrel-windows-ix86+x86_64 0.1.7 64.00 348.00 412.00 OK

Check Details

Version: 0.1.7
Check: LazyData
Result: NOTE
     'LazyData' is specified without a 'data' directory
Flavors: r-devel-linux-x86_64-debian-clang, r-devel-linux-x86_64-debian-gcc, r-devel-linux-x86_64-fedora-clang, r-devel-linux-x86_64-fedora-gcc, r-devel-windows-ix86+x86_64, r-devel-windows-x86_64-gcc10-UCRT, r-patched-linux-x86_64, r-patched-solaris-x86