CRAN Package Check Results for Package BayesSUR

Last updated on 2021-07-25 07:49:53 CEST.

Flavor Version Tinstall Tcheck Ttotal Status Flags
r-devel-linux-x86_64-debian-clang 2.0-0 223.71 99.36 323.07 OK
r-devel-linux-x86_64-debian-gcc 2.0-0 146.81 75.30 222.11 OK
r-devel-linux-x86_64-fedora-clang 2.0-0 439.94 NOTE
r-devel-linux-x86_64-fedora-gcc 2.0-0 403.60 OK
r-devel-windows-x86_64 2.0-0 173.00 109.00 282.00 OK
r-devel-windows-x86_64-gcc10-UCRT 2.0-0 OK
r-patched-linux-x86_64 2.0-0 176.72 96.18 272.90 OK
r-patched-solaris-x86 2.0-0 383.70 OK
r-release-linux-x86_64 2.0-0 172.31 96.24 268.55 OK
r-release-macos-arm64 2.0-0 NOTE
r-release-macos-x86_64 2.0-0 NOTE
r-release-windows-ix86+x86_64 2.0-0 461.00 196.00 657.00 NOTE
r-oldrel-macos-x86_64 2.0-0 NOTE
r-oldrel-windows-ix86+x86_64 2.0-0 467.00 180.00 647.00 NOTE

Check Details

Version: 2.0-0
Check: installed package size
Result: NOTE
     installed size is 15.7Mb
     sub-directories of 1Mb or more:
     data 1.5Mb
     libs 13.5Mb
Flavors: r-devel-linux-x86_64-fedora-clang, r-release-macos-arm64, r-release-macos-x86_64, r-release-windows-ix86+x86_64, r-oldrel-macos-x86_64, r-oldrel-windows-ix86+x86_64