CRAN Package Check Results for Package BayesMallows

Last updated on 2021-06-22 07:49:20 CEST.

Flavor Version Tinstall Tcheck Ttotal Status Flags
r-devel-linux-x86_64-debian-clang 1.0.2 193.02 136.46 329.48 OK
r-devel-linux-x86_64-debian-gcc 1.0.2 120.38 99.49 219.87 OK
r-devel-linux-x86_64-fedora-clang 1.0.2 462.39 NOTE
r-devel-linux-x86_64-fedora-gcc 1.0.2 408.05 OK
r-devel-windows-x86_64 1.0.2 225.00 176.00 401.00 OK
r-devel-windows-x86_64-gcc10-UCRT 1.0.2 NOTE
r-patched-linux-x86_64 1.0.2 140.07 132.51 272.58 OK
r-patched-solaris-x86 1.0.2 363.80 OK
r-release-linux-x86_64 1.0.2 139.00 130.59 269.59 OK
r-release-macos-arm64 1.0.2 NOTE
r-release-macos-x86_64 1.0.2 NOTE
r-release-windows-ix86+x86_64 1.0.2 425.00 275.00 700.00 OK
r-oldrel-macos-x86_64 1.0.2 NOTE

Check Details

Version: 1.0.2
Check: installed package size
Result: NOTE
     installed size is 7.4Mb
     sub-directories of 1Mb or more:
     doc 1.5Mb
     libs 5.2Mb
Flavors: r-devel-linux-x86_64-fedora-clang, r-release-macos-arm64, r-release-macos-x86_64, r-oldrel-macos-x86_64

Version: 1.0.2
Check: package dependencies
Result: NOTE
    Package suggested but not available for checking: 'covr'
Flavor: r-devel-windows-x86_64-gcc10-UCRT