CRAN Package Check Results for Package BayesMFSurv

Last updated on 2021-08-04 07:49:24 CEST.

Flavor Version Tinstall Tcheck Ttotal Status Flags
r-devel-linux-x86_64-debian-clang 0.1.0 36.73 87.29 124.02 OK
r-devel-linux-x86_64-debian-gcc 0.1.0 26.89 65.81 92.70 OK
r-devel-linux-x86_64-fedora-clang 0.1.0 165.23 NOTE
r-devel-linux-x86_64-fedora-gcc 0.1.0 150.48 NOTE
r-devel-windows-x86_64 0.1.0 38.00 113.00 151.00 OK
r-devel-windows-x86_64-gcc10-UCRT 0.1.0 NOTE
r-patched-linux-x86_64 0.1.0 29.89 83.05 112.94 OK
r-patched-solaris-x86 0.1.0 204.00 NOTE
r-release-linux-x86_64 0.1.0 31.42 82.67 114.09 OK
r-release-macos-arm64 0.1.0 NOTE
r-release-macos-x86_64 0.1.0 NOTE
r-release-windows-ix86+x86_64 0.1.0 87.00 129.00 216.00 OK
r-oldrel-macos-x86_64 0.1.0 NOTE
r-oldrel-windows-ix86+x86_64 0.1.0 68.00 170.00 238.00 OK

Check Details

Version: 0.1.0
Check: dependencies in R code
Result: NOTE
    Namespace in Imports field not imported from: ‘FastGP’
     All declared Imports should be used.
Flavors: r-devel-linux-x86_64-fedora-clang, r-devel-linux-x86_64-fedora-gcc, r-devel-windows-x86_64-gcc10-UCRT, r-patched-solaris-x86, r-release-macos-arm64, r-release-macos-x86_64, r-oldrel-macos-x86_64