CRAN Package Check Results for Package BayesLN

Last updated on 2021-07-28 07:49:11 CEST.

Flavor Version Tinstall Tcheck Ttotal Status Flags
r-devel-linux-x86_64-debian-clang 0.2.2 OK
r-devel-linux-x86_64-debian-gcc 0.2.2 39.47 67.56 107.03 OK
r-devel-linux-x86_64-fedora-clang 0.2.2 189.62 NOTE
r-devel-linux-x86_64-fedora-gcc 0.2.2 177.93 OK
r-devel-windows-x86_64 0.2.2 61.00 134.00 195.00 OK
r-devel-windows-x86_64-gcc10-UCRT 0.2.2 OK
r-patched-linux-x86_64 0.2.2 48.79 85.88 134.67 OK
r-patched-solaris-x86 0.2.2 205.80 OK
r-release-linux-x86_64 0.2.2 43.28 87.01 130.29 OK
r-release-macos-arm64 0.2.2 NOTE
r-release-macos-x86_64 0.2.2 NOTE
r-release-windows-ix86+x86_64 0.2.2 109.00 116.00 225.00 OK
r-oldrel-macos-x86_64 0.2.2 NOTE
r-oldrel-windows-ix86+x86_64 0.2.2 81.00 155.00 236.00 OK

Check Details

Version: 0.2.2
Check: installed package size
Result: NOTE
     installed size is 10.2Mb
     sub-directories of 1Mb or more:
     libs 9.8Mb
Flavors: r-devel-linux-x86_64-fedora-clang, r-release-macos-arm64, r-release-macos-x86_64, r-oldrel-macos-x86_64