Last updated on 2022-08-12 07:53:09 CEST.
Flavor | Version | Tinstall | Tcheck | Ttotal | Status | Flags |
---|---|---|---|---|---|---|
r-devel-linux-x86_64-debian-clang | 0.2.1 | 7.52 | 86.65 | 94.17 | NOTE | |
r-devel-linux-x86_64-debian-gcc | 0.2.1 | 5.54 | 64.76 | 70.30 | NOTE | |
r-devel-linux-x86_64-fedora-clang | 0.2.1 | 125.06 | NOTE | |||
r-devel-linux-x86_64-fedora-gcc | 0.2.1 | 124.35 | NOTE | |||
r-devel-windows-x86_64 | 0.2.1 | 38.00 | 120.00 | 158.00 | NOTE | |
r-patched-linux-x86_64 | 0.2.1 | 11.03 | 81.65 | 92.68 | OK | |
r-release-linux-x86_64 | 0.2.1 | 4.81 | 81.01 | 85.82 | OK | |
r-release-macos-arm64 | 0.2.1 | 46.00 | OK | |||
r-release-macos-x86_64 | 0.2.1 | 54.00 | OK | |||
r-release-windows-x86_64 | 0.2.1 | 34.00 | 120.00 | 154.00 | OK | |
r-oldrel-macos-arm64 | 0.2.1 | 30.00 | OK | |||
r-oldrel-macos-x86_64 | 0.2.1 | 52.00 | OK | |||
r-oldrel-windows-ix86+x86_64 | 0.2.1 | 17.00 | 112.00 | 129.00 | OK |
Version: 0.2.1
Check: Rd files
Result: NOTE
checkRd: (-1) create_ThetaMatrix.Rd:32: Escaped LaTeX specials: \&
checkRd: (-1) create_ThetaMatrix.Rd:41: Escaped LaTeX specials: \&
Flavors: r-devel-linux-x86_64-debian-clang, r-devel-linux-x86_64-debian-gcc, r-devel-linux-x86_64-fedora-clang, r-devel-linux-x86_64-fedora-gcc, r-devel-windows-x86_64