CRAN Package Check Results for Package BayLum

Last updated on 2021-09-22 07:51:06 CEST.

Flavor Version Tinstall Tcheck Ttotal Status Flags
r-devel-linux-x86_64-debian-clang 0.2.0 7.96 84.20 92.16 OK
r-devel-linux-x86_64-debian-gcc 0.2.0 6.04 62.68 68.72 OK
r-devel-linux-x86_64-fedora-clang 0.2.0 116.43 OK
r-devel-linux-x86_64-fedora-gcc 0.2.0 106.00 OK
r-devel-windows-x86_64 0.2.0 12.00 92.00 104.00 OK
r-devel-windows-x86_64-gcc10-UCRT 0.2.0 ERROR
r-patched-linux-x86_64 0.2.0 13.00 80.76 93.76 OK
r-patched-solaris-x86 0.2.0 183.40 OK
r-release-linux-x86_64 0.2.0 6.32 79.91 86.23 OK
r-release-macos-arm64 0.2.0 OK
r-release-macos-x86_64 0.2.0 OK
r-release-windows-ix86+x86_64 0.2.0 16.00 114.00 130.00 OK
r-oldrel-macos-x86_64 0.2.0 OK
r-oldrel-windows-ix86+x86_64 0.2.0 12.00 83.00 95.00 OK

Check Details

Version: 0.2.0
Check: package dependencies
Result: ERROR
    Package required but not available: 'Luminescence'
    
    See section 'The DESCRIPTION file' in the 'Writing R Extensions'
    manual.
Flavor: r-devel-windows-x86_64-gcc10-UCRT