CRAN Package Check Results for Package BNSP

Last updated on 2021-08-05 07:49:16 CEST.

Flavor Version Tinstall Tcheck Ttotal Status Flags
r-devel-linux-x86_64-debian-clang 2.1.6 60.23 132.52 192.75 OK
r-devel-linux-x86_64-debian-gcc 2.1.6 60.76 98.32 159.08 OK
r-devel-linux-x86_64-fedora-clang 2.1.6 250.59 OK
r-devel-linux-x86_64-fedora-gcc 2.1.6 267.24 OK
r-devel-windows-x86_64 2.1.6 80.00 143.00 223.00 OK
r-devel-windows-x86_64-gcc10-UCRT 2.1.6 ERROR
r-patched-linux-x86_64 2.1.6 64.95 125.39 190.34 OK
r-patched-solaris-x86 2.1.6 524.50 OK
r-release-linux-x86_64 2.1.6 65.98 125.07 191.05 OK
r-release-macos-arm64 2.1.6 OK
r-release-macos-x86_64 2.1.6 OK
r-release-windows-ix86+x86_64 2.1.6 143.00 136.00 279.00 OK
r-oldrel-macos-x86_64 2.1.6 OK
r-oldrel-windows-ix86+x86_64 2.1.6 132.00 199.00 331.00 OK

Check Details

Version: 2.1.6
Check: package dependencies
Result: ERROR
    Package required but not available: 'ggplot2'
    
    See section 'The DESCRIPTION file' in the 'Writing R Extensions'
    manual.
Flavor: r-devel-windows-x86_64-gcc10-UCRT