CRAN Package Check Results for Package BLCOP

Last updated on 2021-05-10 07:48:06 CEST.

Flavor Version Tinstall Tcheck Ttotal Status Flags
r-devel-linux-x86_64-debian-clang 0.3.3 13.92 105.02 118.94 OK
r-devel-linux-x86_64-debian-gcc 0.3.3 11.41 80.84 92.25 OK
r-devel-linux-x86_64-fedora-clang 0.3.3 150.65 NOTE
r-devel-linux-x86_64-fedora-gcc 0.3.3 147.47 NOTE
r-devel-windows-ix86+x86_64 0.3.3 36.00 127.00 163.00 OK
r-devel-windows-x86_64-gcc10-UCRT 0.3.3 NOTE
r-patched-linux-x86_64 0.3.3 14.14 102.43 116.57 OK
r-patched-solaris-x86 0.3.3 205.00 NOTE
r-release-linux-x86_64 0.3.3 12.09 99.06 111.15 OK
r-release-macos-x86_64 0.3.3 NOTE
r-release-windows-ix86+x86_64 0.3.3 22.00 97.00 119.00 OK
r-oldrel-macos-x86_64 0.3.3 NOTE
r-oldrel-windows-ix86+x86_64 0.3.3 23.00 114.00 137.00 OK

Check Details

Version: 0.3.3
Check: dependencies in R code
Result: NOTE
    Namespaces in Imports field not imported from:
     ‘knitr’ ‘rmarkdown’
     All declared Imports should be used.
Flavors: r-devel-linux-x86_64-fedora-clang, r-devel-linux-x86_64-fedora-gcc, r-devel-windows-x86_64-gcc10-UCRT, r-patched-solaris-x86, r-release-macos-x86_64, r-oldrel-macos-x86_64