CRAN Package Check Results for Package BIOMASS

Last updated on 2022-01-26 07:52:37 CET.

Flavor Version Tinstall Tcheck Ttotal Status Flags
r-devel-linux-x86_64-debian-clang 2.1.7 28.72 355.69 384.41 OK
r-devel-linux-x86_64-debian-gcc 2.1.7 25.42 261.22 286.64 OK
r-devel-linux-x86_64-fedora-clang 2.1.7 422.39 NOTE
r-devel-linux-x86_64-fedora-gcc 2.1.7 440.70 OK
r-devel-windows-x86_64-new-UL 2.1.7 100.00 333.00 433.00 OK --no-vignettes
r-devel-windows-x86_64-new-TK 2.1.7 OK
r-patched-linux-x86_64 2.1.7 31.37 304.10 335.47 OK
r-release-linux-x86_64 2.1.7 27.72 304.77 332.49 OK
r-release-macos-arm64 2.1.7 OK
r-release-macos-x86_64 2.1.7 OK
r-release-windows-ix86+x86_64 2.1.7 62.00 286.00 348.00 OK --no-vignettes
r-oldrel-macos-x86_64 2.1.7 OK
r-oldrel-windows-ix86+x86_64 2.1.7 66.00 259.00 325.00 OK --no-vignettes

Check Details

Version: 2.1.7
Check: Rd cross-references
Result: NOTE
    Undeclared package ‘lmfor’ in Rd xrefs
Flavor: r-devel-linux-x86_64-fedora-clang