CRAN Package Check Results for Package BIEN

Last updated on 2021-08-03 07:54:13 CEST.

Flavor Version Tinstall Tcheck Ttotal Status Flags
r-devel-linux-x86_64-debian-clang 1.2.4 17.79 126.03 143.82 NOTE --no-examples --no-tests --no-vignettes
r-devel-linux-x86_64-debian-gcc 1.2.4 11.36 96.23 107.59 NOTE --no-examples --no-tests --no-vignettes
r-devel-linux-x86_64-fedora-clang 1.2.4 207.22 NOTE
r-devel-linux-x86_64-fedora-gcc 1.2.4 195.77 NOTE
r-devel-windows-x86_64 1.2.4 15.00 147.00 162.00 NOTE --no-examples --no-tests --no-vignettes
r-devel-windows-x86_64-gcc10-UCRT 1.2.4 NOTE --no-tests
r-patched-linux-x86_64 1.2.4 14.02 119.29 133.31 NOTE --no-examples --no-tests --no-vignettes
r-patched-solaris-x86 1.2.4 239.90 NOTE --no-tests --no-vignettes
r-release-linux-x86_64 1.2.4 14.81 120.06 134.87 NOTE --no-examples --no-tests --no-vignettes
r-release-macos-arm64 1.2.4 NOTE
r-release-macos-x86_64 1.2.4 NOTE
r-release-windows-ix86+x86_64 1.2.4 35.00 111.00 146.00 NOTE --no-examples --no-tests --no-vignettes
r-oldrel-macos-x86_64 1.2.4 OK
r-oldrel-windows-ix86+x86_64 1.2.4 25.00 147.00 172.00 OK --no-examples --no-tests --no-vignettes

Check Details

Version: 1.2.4
Flags: --no-examples --no-tests --no-vignettes
Check: LazyData
Result: NOTE
     'LazyData' is specified without a 'data' directory
Flavors: r-devel-linux-x86_64-debian-clang, r-devel-linux-x86_64-debian-gcc, r-devel-windows-x86_64, r-patched-linux-x86_64, r-release-linux-x86_64, r-release-windows-ix86+x86_64

Version: 1.2.4
Check: LazyData
Result: NOTE
     'LazyData' is specified without a 'data' directory
Flavors: r-devel-linux-x86_64-fedora-clang, r-devel-linux-x86_64-fedora-gcc, r-release-macos-arm64, r-release-macos-x86_64

Version: 1.2.4
Flags: --no-tests
Check: LazyData
Result: NOTE
     'LazyData' is specified without a 'data' directory
Flavor: r-devel-windows-x86_64-gcc10-UCRT

Version: 1.2.4
Flags: --no-tests --no-vignettes
Check: LazyData
Result: NOTE
     'LazyData' is specified without a 'data' directory
Flavor: r-patched-solaris-x86