CRAN Package Check Results for Package AggregateR

Last updated on 2021-07-24 07:49:17 CEST.

Flavor Version Tinstall Tcheck Ttotal Status Flags
r-devel-linux-x86_64-debian-clang 0.1.1 3.80 39.31 43.11 NOTE
r-devel-linux-x86_64-debian-gcc 0.1.1 2.88 29.32 32.20 NOTE
r-devel-linux-x86_64-fedora-clang 0.1.1 60.57 NOTE
r-devel-linux-x86_64-fedora-gcc 0.1.1 47.66 NOTE
r-devel-windows-x86_64 0.1.1 5.00 42.00 47.00 NOTE
r-devel-windows-x86_64-gcc10-UCRT 0.1.1 NOTE
r-patched-linux-x86_64 0.1.1 3.12 35.97 39.09 NOTE
r-patched-solaris-x86 0.1.1 73.20 NOTE
r-release-linux-x86_64 0.1.1 3.51 36.48 39.99 NOTE
r-release-macos-arm64 0.1.1 NOTE
r-release-macos-x86_64 0.1.1 NOTE
r-release-windows-ix86+x86_64 0.1.1 9.00 43.00 52.00 NOTE
r-oldrel-macos-x86_64 0.1.1 OK
r-oldrel-windows-ix86+x86_64 0.1.1 9.00 51.00 60.00 OK

Check Details

Version: 0.1.1
Check: LazyData
Result: NOTE
     'LazyData' is specified without a 'data' directory
Flavors: r-devel-linux-x86_64-debian-clang, r-devel-linux-x86_64-debian-gcc, r-devel-linux-x86_64-fedora-clang, r-devel-linux-x86_64-fedora-gcc, r-devel-windows-x86_64, r-devel-windows-x86_64-gcc10-UCRT, r-patched-linux-x86_64, r-patched-solaris-x86, r-release-linux-x86_64, r-release-macos-arm64, r-release-macos-x86_64, r-release-windows-ix86+x86_64