CRAN Package Check Results for Package ARDL

Last updated on 2021-09-19 07:50:04 CEST.

Flavor Version Tinstall Tcheck Ttotal Status Flags
r-devel-linux-x86_64-debian-clang 0.1.1 6.96 66.39 73.35 OK
r-devel-linux-x86_64-debian-gcc 0.1.1 5.69 48.70 54.39 OK
r-devel-linux-x86_64-fedora-clang 0.1.1 97.83 OK
r-devel-linux-x86_64-fedora-gcc 0.1.1 82.43 OK
r-devel-windows-x86_64 0.1.1 11.00 64.00 75.00 OK
r-devel-windows-x86_64-gcc10-UCRT 0.1.1 ERROR
r-patched-linux-x86_64 0.1.1 8.05 65.09 73.14 OK
r-patched-solaris-x86 0.1.1 114.10 OK
r-release-linux-x86_64 0.1.1 6.60 62.52 69.12 OK
r-release-macos-arm64 0.1.1 OK
r-release-macos-x86_64 0.1.1 OK
r-release-windows-ix86+x86_64 0.1.1 18.00 84.00 102.00 OK
r-oldrel-macos-x86_64 0.1.1 OK
r-oldrel-windows-ix86+x86_64 0.1.1 16.00 65.00 81.00 OK

Check Details

Version: 0.1.1
Check: whether package can be installed
Result: WARN
    Found the following significant warnings:
     WARNING: installation-time patches will not be applied, could not get the patches index
Flavor: r-devel-windows-x86_64-gcc10-UCRT

Version: 0.1.1
Check: PDF version of manual
Result: WARN
    LaTeX errors when creating PDF version.
    This typically indicates Rd problems.
Flavor: r-devel-windows-x86_64-gcc10-UCRT

Version: 0.1.1
Check: PDF version of manual without hyperrefs or index
Result: ERROR
    Re-running with no redirection of stdout/stderr.
Flavor: r-devel-windows-x86_64-gcc10-UCRT