CRAN Package Check Results for Package ARCokrig

Last updated on 2021-08-02 07:51:36 CEST.

Flavor Version Tinstall Tcheck Ttotal Status Flags
r-devel-linux-x86_64-debian-clang 0.1.1 73.34 75.56 148.90 OK
r-devel-linux-x86_64-debian-gcc 0.1.1 56.31 56.65 112.96 OK
r-devel-linux-x86_64-fedora-clang 0.1.1 206.01 NOTE
r-devel-linux-x86_64-fedora-gcc 0.1.1 190.71 OK
r-devel-windows-x86_64 0.1.1 59.00 92.00 151.00 OK
r-devel-windows-x86_64-gcc10-UCRT 0.1.1 OK
r-patched-linux-x86_64 0.1.1 OK
r-patched-solaris-x86 0.1.1 185.90 OK
r-release-linux-x86_64 0.1.1 65.03 74.12 139.15 OK
r-release-macos-arm64 0.1.1 NOTE
r-release-macos-x86_64 0.1.1 NOTE
r-release-windows-ix86+x86_64 0.1.1 153.00 96.00 249.00 OK
r-oldrel-macos-x86_64 0.1.1 NOTE
r-oldrel-windows-ix86+x86_64 0.1.1 112.00 130.00 242.00 OK

Check Details

Version: 0.1.1
Check: installed package size
Result: NOTE
     installed size is 16.1Mb
     sub-directories of 1Mb or more:
     libs 15.8Mb
Flavors: r-devel-linux-x86_64-fedora-clang, r-release-macos-arm64, r-release-macos-x86_64, r-oldrel-macos-x86_64