CRAN Package Check Results for Package AMR

Last updated on 2021-06-23 07:50:09 CEST.

Flavor Version Tinstall Tcheck Ttotal Status Flags
r-devel-linux-x86_64-debian-clang 1.7.1 26.00 258.88 284.88 OK
r-devel-linux-x86_64-debian-gcc 1.7.1 23.68 197.87 221.55 OK
r-devel-linux-x86_64-fedora-clang 1.7.1 358.92 NOTE
r-devel-linux-x86_64-fedora-gcc 1.7.1 354.95 OK
r-devel-windows-x86_64 1.7.1 49.00 335.00 384.00 NOTE
r-devel-windows-x86_64-gcc10-UCRT 1.7.1 NOTE
r-patched-linux-x86_64 1.7.1 31.27 251.75 283.02 OK
r-patched-solaris-x86 1.7.1 420.00 NOTE
r-release-linux-x86_64 1.7.1 27.53 246.53 274.06 OK
r-release-macos-arm64 1.7.1 NOTE
r-release-macos-x86_64 1.7.1 NOTE
r-release-windows-ix86+x86_64 1.7.1 62.00 259.00 321.00 NOTE
r-oldrel-macos-x86_64 1.7.1 NOTE

Check Details

Version: 1.7.1
Check: installed package size
Result: NOTE
     installed size is 6.0Mb
     sub-directories of 1Mb or more:
     data 3.5Mb
Flavors: r-devel-linux-x86_64-fedora-clang, r-devel-windows-x86_64, r-patched-solaris-x86, r-release-macos-arm64, r-release-macos-x86_64, r-release-windows-ix86+x86_64, r-oldrel-macos-x86_64

Version: 1.7.1
Check: package dependencies
Result: NOTE
    Packages suggested but not available for checking: 'curl', 'rvest'
Flavor: r-devel-windows-x86_64-gcc10-UCRT