CRAN Package Check Results for Package AER

Last updated on 2021-09-20 07:50:18 CEST.

Flavor Version Tinstall Tcheck Ttotal Status Flags
r-devel-linux-x86_64-debian-clang 1.2-9 12.53 333.45 345.98 OK
r-devel-linux-x86_64-debian-gcc 1.2-9 10.52 257.28 267.80 OK
r-devel-linux-x86_64-fedora-clang 1.2-9 424.06 OK
r-devel-linux-x86_64-fedora-gcc 1.2-9 411.52 OK
r-devel-windows-x86_64 1.2-9 15.00 367.00 382.00 OK
r-devel-windows-x86_64-gcc10-UCRT 1.2-9 ERROR
r-patched-linux-x86_64 1.2-9 15.77 323.45 339.22 OK
r-patched-solaris-x86 1.2-9 593.00 OK
r-release-linux-x86_64 1.2-9 12.23 322.63 334.86 OK
r-release-macos-arm64 1.2-9 OK
r-release-macos-x86_64 1.2-9 OK
r-release-windows-ix86+x86_64 1.2-9 29.00 454.00 483.00 OK
r-oldrel-macos-x86_64 1.2-9 OK
r-oldrel-windows-ix86+x86_64 1.2-9 27.00 451.00 478.00 OK

Check Details

Version: 1.2-9
Check: whether package can be installed
Result: WARN
    Found the following significant warnings:
     WARNING: installation-time patches will not be applied, could not get the patches index
Flavor: r-devel-windows-x86_64-gcc10-UCRT

Version: 1.2-9
Check: PDF version of manual
Result: WARN
    LaTeX errors when creating PDF version.
    This typically indicates Rd problems.
Flavor: r-devel-windows-x86_64-gcc10-UCRT

Version: 1.2-9
Check: PDF version of manual without hyperrefs or index
Result: ERROR
    Re-running with no redirection of stdout/stderr.
Flavor: r-devel-windows-x86_64-gcc10-UCRT