CRAN Package Check Results for Package ADMMsigma

Last updated on 2021-05-06 07:48:07 CEST.

Flavor Version Tinstall Tcheck Ttotal Status Flags
r-devel-linux-x86_64-debian-clang 2.1 83.42 65.64 149.06 NOTE
r-devel-linux-x86_64-debian-gcc 2.1 55.89 49.72 105.61 NOTE
r-devel-linux-x86_64-fedora-clang 2.1 206.58 NOTE
r-devel-linux-x86_64-fedora-gcc 2.1 195.95 NOTE
r-devel-windows-ix86+x86_64 2.1 189.00 154.00 343.00 NOTE
r-devel-windows-x86_64-gcc10-UCRT 2.1 NOTE
r-patched-linux-x86_64 2.1 65.40 65.82 131.22 NOTE
r-patched-solaris-x86 2.1 225.20 OK
r-release-linux-x86_64 2.1 66.09 63.74 129.83 OK
r-release-macos-x86_64 2.1 OK
r-release-windows-ix86+x86_64 2.1 143.00 114.00 257.00 OK
r-oldrel-macos-x86_64 2.1 OK
r-oldrel-windows-ix86+x86_64 2.1 170.00 147.00 317.00 OK

Check Details

Version: 2.1
Check: LazyData
Result: NOTE
     'LazyData' is specified without a 'data' directory
Flavors: r-devel-linux-x86_64-debian-clang, r-devel-linux-x86_64-debian-gcc, r-devel-linux-x86_64-fedora-clang, r-devel-linux-x86_64-fedora-gcc, r-devel-windows-ix86+x86_64, r-devel-windows-x86_64-gcc10-UCRT, r-patched-linux-x86_64