Last updated on 2021-01-24 07:51:03 CET.
Flavor | Version | Tinstall | Tcheck | Ttotal | Status | Flags |
---|---|---|---|---|---|---|
r-devel-linux-x86_64-debian-clang | 0.5.0 | 7.66 | 297.19 | 304.85 | OK | |
r-devel-linux-x86_64-debian-gcc | 0.5.0 | 6.18 | 214.75 | 220.93 | OK | |
r-devel-linux-x86_64-fedora-clang | 0.5.0 | 372.71 | NOTE | |||
r-devel-linux-x86_64-fedora-gcc | 0.5.0 | 345.23 | NOTE | |||
r-devel-windows-ix86+x86_64 | 0.5.0 | 15.00 | 294.00 | 309.00 | OK | |
r-patched-linux-x86_64 | 0.5.0 | 7.10 | 300.23 | 307.33 | OK | |
r-patched-solaris-x86 | 0.5.0 | 414.20 | NOTE | |||
r-release-linux-x86_64 | 0.5.0 | 6.62 | 300.10 | 306.72 | OK | |
r-release-macos-x86_64 | 0.5.0 | NOTE | ||||
r-release-windows-ix86+x86_64 | 0.5.0 | 16.00 | 296.00 | 312.00 | OK | |
r-oldrel-macos-x86_64 | 0.5.0 | NOTE | ||||
r-oldrel-windows-ix86+x86_64 | 0.5.0 | 10.00 | 393.00 | 403.00 | OK |
Version: 0.5.0
Check: dependencies in R code
Result: NOTE
Namespace in Imports field not imported from: ‘memoise’
All declared Imports should be used.
Flavors: r-devel-linux-x86_64-fedora-clang, r-devel-linux-x86_64-fedora-gcc, r-patched-solaris-x86, r-release-macos-x86_64, r-oldrel-macos-x86_64
Version: 0.5.0
Check: data for non-ASCII characters
Result: NOTE
Note: found 3 marked UTF-8 strings
Flavors: r-devel-linux-x86_64-fedora-clang, r-devel-linux-x86_64-fedora-gcc, r-patched-solaris-x86, r-release-macos-x86_64, r-oldrel-macos-x86_64