CRAN Package Check Results for Package uuid

Last updated on 2021-04-15 08:49:10 CEST.

Flavor Version Tinstall Tcheck Ttotal Status Flags
r-devel-linux-x86_64-debian-clang 0.1-4 7.57 21.83 29.40 OK
r-devel-linux-x86_64-debian-gcc 0.1-4 4.27 17.04 21.31 OK
r-devel-linux-x86_64-fedora-clang 0.1-4 43.96 NOTE
r-devel-linux-x86_64-fedora-gcc 0.1-4 33.93 NOTE
r-devel-windows-ix86+x86_64 0.1-4 20.00 33.00 53.00 OK
r-devel-windows-x86_64-gcc10-UCRT 0.1-4 OK
r-patched-linux-x86_64 0.1-4 4.82 21.28 26.10 OK
r-patched-solaris-x86 0.1-4 48.70 OK
r-release-linux-x86_64 0.1-4 4.87 21.05 25.92 OK
r-release-macos-x86_64 0.1-4 OK
r-release-windows-ix86+x86_64 0.1-4 17.00 29.00 46.00 OK
r-oldrel-macos-x86_64 0.1-4 OK
r-oldrel-windows-ix86+x86_64 0.1-4 31.00 47.00 78.00 OK

Additional issues

clang-UBSAN gcc-UBSAN

Check Details

Version: 0.1-4
Check: compiled code
Result: NOTE
    File ‘uuid/libs/uuid.so’:
     Found no calls to: ‘R_registerRoutines’, ‘R_useDynamicSymbols’
    
    It is good practice to register native routines and to disable symbol
    search.
    
    See ‘Writing portable packages’ in the ‘Writing R Extensions’ manual.
Flavors: r-devel-linux-x86_64-fedora-clang, r-devel-linux-x86_64-fedora-gcc