CRAN Package Check Results for Package urltools

Last updated on 2021-04-19 08:48:12 CEST.

Flavor Version Tinstall Tcheck Ttotal Status Flags
r-devel-linux-x86_64-debian-clang 1.7.3 76.33 35.79 112.12 OK
r-devel-linux-x86_64-debian-gcc 1.7.3 50.92 27.79 78.71 OK
r-devel-linux-x86_64-fedora-clang 1.7.3 164.35 NOTE
r-devel-linux-x86_64-fedora-gcc 1.7.3 140.57 NOTE
r-devel-windows-ix86+x86_64 1.7.3 178.00 75.00 253.00 OK
r-devel-windows-x86_64-gcc10-UCRT 1.7.3 NOTE
r-patched-linux-x86_64 1.7.3 58.88 34.33 93.21 OK
r-patched-solaris-x86 1.7.3 141.90 NOTE
r-release-linux-x86_64 1.7.3 59.03 34.37 93.40 OK
r-release-macos-x86_64 1.7.3 NOTE
r-release-windows-ix86+x86_64 1.7.3 172.00 90.00 262.00 OK
r-oldrel-macos-x86_64 1.7.3 NOTE
r-oldrel-windows-ix86+x86_64 1.7.3 113.00 81.00 194.00 OK

Check Details

Version: 1.7.3
Check: Rd cross-references
Result: NOTE
    Undeclared package ‘httr’ in Rd xrefs
Flavor: r-devel-linux-x86_64-fedora-clang

Version: 1.7.3
Check: data for non-ASCII characters
Result: NOTE
     Note: found 488 marked UTF-8 strings
Flavors: r-devel-linux-x86_64-fedora-clang, r-devel-linux-x86_64-fedora-gcc, r-devel-windows-x86_64-gcc10-UCRT, r-patched-solaris-x86, r-release-macos-x86_64, r-oldrel-macos-x86_64