CRAN Package Check Results for Package tm

Last updated on 2021-01-21 07:53:10 CET.

Flavor Version Tinstall Tcheck Ttotal Status Flags
r-devel-linux-x86_64-debian-clang 0.7-8 41.98 62.62 104.60 NOTE
r-devel-linux-x86_64-debian-gcc 0.7-8 23.87 49.98 73.85 NOTE
r-devel-linux-x86_64-fedora-clang 0.7-8 143.05 NOTE
r-devel-linux-x86_64-fedora-gcc 0.7-8 116.96 NOTE
r-devel-windows-ix86+x86_64 0.7-8 58.00 112.00 170.00 NOTE
r-patched-linux-x86_64 0.7-8 33.06 60.74 93.80 NOTE
r-patched-solaris-x86 0.7-8 149.80 NOTE
r-release-linux-x86_64 0.7-8 32.28 60.62 92.90 NOTE
r-release-macos-x86_64 0.7-8 NOTE
r-release-windows-ix86+x86_64 0.7-8 68.00 125.00 193.00 NOTE
r-oldrel-macos-x86_64 0.7-8 NOTE
r-oldrel-windows-ix86+x86_64 0.7-8 48.00 94.00 142.00 NOTE

Check Details

Version: 0.7-8
Check: package dependencies
Result: NOTE
    Packages suggested but not available for checking:
     'Rcampdf', 'tm.lexicon.GeneralInquirer'
Flavors: r-devel-linux-x86_64-debian-clang, r-devel-linux-x86_64-debian-gcc, r-devel-linux-x86_64-fedora-clang, r-devel-linux-x86_64-fedora-gcc, r-patched-linux-x86_64, r-patched-solaris-x86, r-release-linux-x86_64

Version: 0.7-8
Check: Rd cross-references
Result: NOTE
    Undeclared packages ‘tm.plugin.dc’, ‘readtext’, ‘graph’, ‘tau’, ‘tokenizers’ in Rd xrefs
Flavor: r-devel-linux-x86_64-fedora-clang

Version: 0.7-8
Check: package dependencies
Result: NOTE
    Packages suggested but not available for checking:
     'Rcampdf', 'Rpoppler', 'tm.lexicon.GeneralInquirer'
Flavors: r-devel-windows-ix86+x86_64, r-release-macos-x86_64, r-release-windows-ix86+x86_64, r-oldrel-macos-x86_64, r-oldrel-windows-ix86+x86_64

Version: 0.7-8
Check: Rd cross-references
Result: NOTE
    Package unavailable to check Rd xrefs: 'Rpoppler'
Flavors: r-devel-windows-ix86+x86_64, r-release-macos-x86_64, r-release-windows-ix86+x86_64, r-oldrel-macos-x86_64, r-oldrel-windows-ix86+x86_64