Last updated on 2021-04-17 07:47:58 CEST.
Flavor | Version | Tinstall | Tcheck | Ttotal | Status | Flags |
---|---|---|---|---|---|---|
r-devel-linux-x86_64-debian-clang | 0.1.2 | 14.16 | 138.72 | 152.88 | NOTE | |
r-devel-linux-x86_64-debian-gcc | 0.1.2 | 13.03 | 103.32 | 116.35 | NOTE | |
r-devel-linux-x86_64-fedora-clang | 0.1.2 | 194.55 | NOTE | |||
r-devel-linux-x86_64-fedora-gcc | 0.1.2 | 187.91 | NOTE | |||
r-devel-windows-ix86+x86_64 | 0.1.2 | 38.00 | 143.00 | 181.00 | NOTE | |
r-devel-windows-x86_64-gcc10-UCRT | 0.1.2 | NOTE | ||||
r-patched-linux-x86_64 | 0.1.2 | 14.20 | 130.63 | 144.83 | OK | |
r-patched-solaris-x86 | 0.1.2 | 268.60 | NOTE | |||
r-release-linux-x86_64 | 0.1.2 | 15.21 | 128.57 | 143.78 | OK | |
r-release-macos-x86_64 | 0.1.2 | NOTE | ||||
r-release-windows-ix86+x86_64 | 0.1.2 | 37.00 | 180.00 | 217.00 | OK | |
r-oldrel-macos-x86_64 | 0.1.2 | NOTE | ||||
r-oldrel-windows-ix86+x86_64 | 0.1.2 | 22.00 | 158.00 | 180.00 | OK |
Version: 0.1.2
Check: LazyData
Result: NOTE
'LazyData' is specified without a 'data' directory
Flavors: r-devel-linux-x86_64-debian-clang, r-devel-linux-x86_64-debian-gcc, r-devel-linux-x86_64-fedora-clang, r-devel-linux-x86_64-fedora-gcc, r-devel-windows-ix86+x86_64, r-devel-windows-x86_64-gcc10-UCRT
Version: 0.1.2
Check: dependencies in R code
Result: NOTE
Namespace in Imports field not imported from: ‘modeldata’
All declared Imports should be used.
Flavors: r-devel-linux-x86_64-fedora-clang, r-devel-linux-x86_64-fedora-gcc, r-devel-windows-x86_64-gcc10-UCRT, r-patched-solaris-x86, r-release-macos-x86_64, r-oldrel-macos-x86_64