Last updated on 2021-03-03 08:48:49 CET.
Flavor | Version | Tinstall | Tcheck | Ttotal | Status | Flags |
---|---|---|---|---|---|---|
r-devel-linux-x86_64-debian-clang | 1.0.1 | OK | ||||
r-devel-linux-x86_64-debian-gcc | 1.0.1 | 2.83 | 26.47 | 29.30 | OK | |
r-devel-linux-x86_64-fedora-clang | 1.0.1 | 56.58 | NOTE | |||
r-devel-linux-x86_64-fedora-gcc | 1.0.1 | 46.31 | OK | |||
r-devel-windows-ix86+x86_64 | 1.0.1 | 10.00 | 46.00 | 56.00 | NOTE | |
r-patched-linux-x86_64 | 1.0.1 | 3.56 | 32.35 | 35.91 | OK | |
r-patched-solaris-x86 | 1.0.1 | 67.00 | NOTE | |||
r-release-linux-x86_64 | 1.0.1 | 3.82 | 32.54 | 36.36 | OK | |
r-release-macos-x86_64 | 1.0.1 | NOTE | ||||
r-release-windows-ix86+x86_64 | 1.0.1 | 8.00 | 43.00 | 51.00 | NOTE | |
r-oldrel-macos-x86_64 | 1.0.1 | NOTE | ||||
r-oldrel-windows-ix86+x86_64 | 1.0.1 | 6.00 | 37.00 | 43.00 | NOTE |
Version: 1.0.1
Check: installed package size
Result: NOTE
installed size is 11.6Mb
sub-directories of 1Mb or more:
java 11.5Mb
Flavors: r-devel-linux-x86_64-fedora-clang, r-devel-windows-ix86+x86_64, r-patched-solaris-x86, r-release-macos-x86_64, r-release-windows-ix86+x86_64, r-oldrel-macos-x86_64, r-oldrel-windows-ix86+x86_64