CRAN Package Check Results for Package swfscMisc

Last updated on 2021-04-23 07:48:06 CEST.

Flavor Version Tinstall Tcheck Ttotal Status Flags
r-devel-linux-x86_64-debian-clang 1.4.3 4.79 49.11 53.90 OK
r-devel-linux-x86_64-debian-gcc 1.4.3 3.82 37.62 41.44 OK
r-devel-linux-x86_64-fedora-clang 1.4.3 73.44 OK
r-devel-linux-x86_64-fedora-gcc 1.4.3 63.59 OK
r-devel-windows-ix86+x86_64 1.4.3 12.00 70.00 82.00 OK
r-devel-windows-x86_64-gcc10-UCRT 1.4.3 OK
r-patched-linux-x86_64 1.4.3 4.80 46.96 51.76 OK
r-patched-solaris-x86 1.4.3 89.20 OK
r-release-linux-x86_64 1.4.3 4.17 45.75 49.92 OK
r-release-macos-x86_64 1.4.3 OK
r-release-windows-ix86+x86_64 1.4.3 10.00 60.00 70.00 OK
r-oldrel-macos-x86_64 1.4.3 ERROR
r-oldrel-windows-ix86+x86_64 1.3 14.00 108.00 122.00 OK

Check Details

Version: 1.4.3
Check: whether package can be installed
Result: ERROR
    Installation failed.
Flavor: r-oldrel-macos-x86_64