Last updated on 2021-01-20 07:49:27 CET.
Flavor | Version | Tinstall | Tcheck | Ttotal | Status | Flags |
---|---|---|---|---|---|---|
r-devel-linux-x86_64-debian-clang | 0.3-3 | 9.95 | 77.69 | 87.64 | OK | |
r-devel-linux-x86_64-debian-gcc | 0.3-3 | 8.07 | 60.39 | 68.46 | OK | |
r-devel-linux-x86_64-fedora-clang | 0.3-3 | 119.03 | NOTE | |||
r-devel-linux-x86_64-fedora-gcc | 0.3-3 | 104.68 | OK | |||
r-devel-windows-ix86+x86_64 | 0.3-3 | 17.00 | 85.00 | 102.00 | OK | |
r-patched-linux-x86_64 | 0.3-3 | 9.50 | 73.22 | 82.72 | OK | |
r-patched-solaris-x86 | 0.3-3 | 155.20 | OK | |||
r-release-linux-x86_64 | 0.3-3 | 9.32 | 73.21 | 82.53 | OK | |
r-release-macos-x86_64 | 0.3-3 | OK | ||||
r-release-windows-ix86+x86_64 | 0.3-3 | 20.00 | 81.00 | 101.00 | OK | |
r-oldrel-macos-x86_64 | 0.3-3 | OK | ||||
r-oldrel-windows-ix86+x86_64 | 0.3-3 | 12.00 | 66.00 | 78.00 | OK |
Version: 0.3-3
Check: Rd cross-references
Result: NOTE
Undeclared package ‘biglm’ in Rd xrefs
Flavor: r-devel-linux-x86_64-fedora-clang