Last updated on 2021-01-21 07:53:08 CET.
Flavor | Version | Tinstall | Tcheck | Ttotal | Status | Flags |
---|---|---|---|---|---|---|
r-devel-linux-x86_64-debian-clang | 0.4-3 | 3.18 | 26.32 | 29.50 | OK | |
r-devel-linux-x86_64-debian-gcc | 0.4-3 | 2.15 | 20.54 | 22.69 | OK | |
r-devel-linux-x86_64-fedora-clang | 0.4-3 | 44.55 | OK | |||
r-devel-linux-x86_64-fedora-gcc | 0.4-3 | 34.30 | OK | |||
r-devel-windows-ix86+x86_64 | 0.4-3 | 6.00 | 34.00 | 40.00 | OK | |
r-patched-linux-x86_64 | 0.4-3 | 2.53 | 25.05 | 27.58 | OK | |
r-patched-solaris-x86 | 0.4-3 | 49.50 | OK | |||
r-release-linux-x86_64 | 0.4-3 | 2.84 | 25.21 | 28.05 | OK | |
r-release-macos-x86_64 | 0.4-3 | NOTE | ||||
r-release-windows-ix86+x86_64 | 0.4-3 | 6.00 | 29.00 | 35.00 | OK | |
r-oldrel-macos-x86_64 | 0.4-3 | NOTE | ||||
r-oldrel-windows-ix86+x86_64 | 0.4-3 | 7.00 | 28.00 | 35.00 | OK |
Version: 0.4-3
Check: package dependencies
Result: NOTE
Package suggested but not available for checking: ‘Rmpi’
Flavors: r-release-macos-x86_64, r-oldrel-macos-x86_64