Last updated on 2021-03-03 08:48:48 CET.
Flavor | Version | Tinstall | Tcheck | Ttotal | Status | Flags |
---|---|---|---|---|---|---|
r-devel-linux-x86_64-debian-clang | 0.64.2 | OK | ||||
r-devel-linux-x86_64-debian-gcc | 0.64.2 | 130.44 | 139.59 | 270.03 | OK | |
r-devel-linux-x86_64-fedora-clang | 0.64.2 | 513.67 | NOTE | |||
r-devel-linux-x86_64-fedora-gcc | 0.64.2 | 460.15 | NOTE | |||
r-devel-windows-ix86+x86_64 | 0.64.2 | 342.00 | 344.00 | 686.00 | OK | |
r-patched-linux-x86_64 | 0.64.2 | 150.63 | 177.68 | 328.31 | OK | |
r-patched-solaris-x86 | 0.64.2 | 458.50 | NOTE | |||
r-release-linux-x86_64 | 0.64.2 | 145.94 | 176.77 | 322.71 | OK | |
r-release-macos-x86_64 | 0.64.2 | NOTE | ||||
r-release-windows-ix86+x86_64 | 0.64.2 | 245.00 | 289.00 | 534.00 | OK | |
r-oldrel-macos-x86_64 | 0.64.2 | NOTE | ||||
r-oldrel-windows-ix86+x86_64 | 0.64.2 | 297.00 | 350.00 | 647.00 | OK |
Version: 0.64.2
Check: package dependencies
Result: NOTE
Imports includes 22 non-default packages.
Importing from so many packages makes the package vulnerable to any of
them becoming unavailable. Move as many as possible to Suggests and
use conditionally.
Flavor: r-devel-linux-x86_64-fedora-clang
Version: 0.64.2
Check: installed package size
Result: NOTE
installed size is 34.4Mb
sub-directories of 1Mb or more:
libs 32.9Mb
Flavors: r-devel-linux-x86_64-fedora-clang, r-release-macos-x86_64, r-oldrel-macos-x86_64
Version: 0.64.2
Check: dependencies in R code
Result: NOTE
Namespace in Imports field not imported from: ‘nlme’
All declared Imports should be used.
Flavors: r-devel-linux-x86_64-fedora-clang, r-devel-linux-x86_64-fedora-gcc, r-patched-solaris-x86, r-release-macos-x86_64, r-oldrel-macos-x86_64