CRAN Package Check Results for Package scan

Last updated on 2021-04-16 07:48:14 CEST.

Flavor Version Tinstall Tcheck Ttotal Status Flags
r-devel-linux-x86_64-debian-clang 0.51 11.21 94.79 106.00 OK
r-devel-linux-x86_64-debian-gcc 0.51 9.27 72.13 81.40 OK
r-devel-linux-x86_64-fedora-clang 0.51 132.93 NOTE
r-devel-linux-x86_64-fedora-gcc 0.51 121.76 NOTE
r-devel-windows-ix86+x86_64 0.51 25.00 102.00 127.00 OK
r-devel-windows-x86_64-gcc10-UCRT 0.51 NOTE
r-patched-linux-x86_64 0.51 10.19 88.39 98.58 OK
r-patched-solaris-x86 0.51 161.80 NOTE
r-release-linux-x86_64 0.51 10.85 86.21 97.06 OK
r-release-macos-x86_64 0.51 NOTE
r-release-windows-ix86+x86_64 0.51 24.00 116.00 140.00 OK
r-oldrel-macos-x86_64 0.51 NOTE
r-oldrel-windows-ix86+x86_64 0.51 14.00 108.00 122.00 OK

Check Details

Version: 0.51
Check: dependencies in R code
Result: NOTE
    Namespaces in Imports field not imported from:
     ‘MASS’ ‘methods’
     All declared Imports should be used.
Flavors: r-devel-linux-x86_64-fedora-clang, r-devel-linux-x86_64-fedora-gcc, r-devel-windows-x86_64-gcc10-UCRT, r-patched-solaris-x86, r-release-macos-x86_64, r-oldrel-macos-x86_64

Version: 0.51
Check: data for non-ASCII characters
Result: NOTE
     Note: found 1 marked UTF-8 string
Flavors: r-devel-linux-x86_64-fedora-clang, r-devel-linux-x86_64-fedora-gcc, r-devel-windows-x86_64-gcc10-UCRT, r-patched-solaris-x86, r-release-macos-x86_64, r-oldrel-macos-x86_64