Last updated on 2021-03-03 08:48:47 CET.
Flavor | Version | Tinstall | Tcheck | Ttotal | Status | Flags |
---|---|---|---|---|---|---|
r-devel-linux-x86_64-debian-clang | 1.0.1 | OK | ||||
r-devel-linux-x86_64-debian-gcc | 1.0.1 | 6.30 | 54.87 | 61.17 | OK | |
r-devel-linux-x86_64-fedora-clang | 1.0.1 | 102.96 | NOTE | |||
r-devel-linux-x86_64-fedora-gcc | 1.0.1 | 92.20 | NOTE | |||
r-devel-windows-ix86+x86_64 | 1.0.1 | 17.00 | 67.00 | 84.00 | OK | |
r-patched-linux-x86_64 | 1.0.1 | 7.13 | 66.36 | 73.49 | OK | |
r-patched-solaris-x86 | 1.0.1 | 145.10 | NOTE | |||
r-release-linux-x86_64 | 1.0.1 | 6.44 | 66.01 | 72.45 | OK | |
r-release-macos-x86_64 | 1.0.1 | NOTE | ||||
r-release-windows-ix86+x86_64 | 1.0.1 | 13.00 | 78.00 | 91.00 | OK | |
r-oldrel-macos-x86_64 | 1.0.1 | NOTE | ||||
r-oldrel-windows-ix86+x86_64 | 1.0.1 | 16.00 | 83.00 | 99.00 | OK |
Version: 1.0.1
Check: dependencies in R code
Result: NOTE
Namespaces in Imports field not imported from:
‘methods’ ‘pbapply’ ‘utils’
All declared Imports should be used.
Flavors: r-devel-linux-x86_64-fedora-clang, r-devel-linux-x86_64-fedora-gcc, r-patched-solaris-x86, r-release-macos-x86_64, r-oldrel-macos-x86_64