CRAN Package Check Results for Package satin

Last updated on 2021-04-23 07:48:03 CEST.

Flavor Version Tinstall Tcheck Ttotal Status Flags
r-devel-linux-x86_64-debian-clang 1.0 7.19 62.09 69.28 OK
r-devel-linux-x86_64-debian-gcc 1.0 5.36 48.40 53.76 OK
r-devel-linux-x86_64-fedora-clang 1.0 92.84 NOTE
r-devel-linux-x86_64-fedora-gcc 1.0 82.14 NOTE
r-devel-windows-ix86+x86_64 1.0 15.00 82.00 97.00 OK
r-devel-windows-x86_64-gcc10-UCRT 1.0 NOTE
r-patched-linux-x86_64 1.0 9.65 60.48 70.13 OK
r-patched-solaris-x86 1.0 122.10 NOTE
r-release-linux-x86_64 1.0 6.69 57.25 63.94 OK
r-release-macos-x86_64 1.0 NOTE
r-release-windows-ix86+x86_64 1.0 18.00 70.00 88.00 OK
r-oldrel-macos-x86_64 1.0 NOTE
r-oldrel-windows-ix86+x86_64 1.0 10.00 86.00 96.00 OK

Check Details

Version: 1.0
Check: dependencies in R code
Result: NOTE
    Namespace in Imports field not imported from: ‘maptools’
     All declared Imports should be used.
Flavors: r-devel-linux-x86_64-fedora-clang, r-devel-linux-x86_64-fedora-gcc, r-devel-windows-x86_64-gcc10-UCRT, r-patched-solaris-x86, r-release-macos-x86_64, r-oldrel-macos-x86_64