Last updated on 2021-04-17 07:47:54 CEST.
Flavor | Version | Tinstall | Tcheck | Ttotal | Status | Flags |
---|---|---|---|---|---|---|
r-devel-linux-x86_64-debian-clang | 0.7.0 | 12.62 | 70.02 | 82.64 | OK | |
r-devel-linux-x86_64-debian-gcc | 0.7.0 | 9.89 | 52.08 | 61.97 | OK | |
r-devel-linux-x86_64-fedora-clang | 0.7.0 | 107.61 | NOTE | |||
r-devel-linux-x86_64-fedora-gcc | 0.7.0 | 98.97 | NOTE | |||
r-devel-windows-ix86+x86_64 | 0.7.0 | 21.00 | 70.00 | 91.00 | OK | |
r-devel-windows-x86_64-gcc10-UCRT | 0.7.0 | NOTE | ||||
r-patched-linux-x86_64 | 0.7.0 | 10.50 | 64.53 | 75.03 | OK | |
r-patched-solaris-x86 | 0.7.0 | 126.10 | NOTE | |||
r-release-linux-x86_64 | 0.7.0 | 10.39 | 64.12 | 74.51 | OK | |
r-release-macos-x86_64 | 0.7.0 | NOTE | ||||
r-release-windows-ix86+x86_64 | 0.7.0 | 36.00 | 88.00 | 124.00 | OK | |
r-oldrel-macos-x86_64 | 0.7.0 | NOTE | ||||
r-oldrel-windows-ix86+x86_64 | 0.7.0 | 13.00 | 80.00 | 93.00 | OK |
Version: 0.7.0
Check: dependencies in R code
Result: NOTE
Namespace in Imports field not imported from: ‘Rcpp’
All declared Imports should be used.
Flavors: r-devel-linux-x86_64-fedora-clang, r-devel-linux-x86_64-fedora-gcc, r-devel-windows-x86_64-gcc10-UCRT, r-patched-solaris-x86, r-release-macos-x86_64, r-oldrel-macos-x86_64
Version: 0.7.0
Check: data for non-ASCII characters
Result: NOTE
Note: found 113868 marked UTF-8 strings
Flavors: r-devel-linux-x86_64-fedora-clang, r-devel-linux-x86_64-fedora-gcc, r-devel-windows-x86_64-gcc10-UCRT, r-patched-solaris-x86, r-release-macos-x86_64, r-oldrel-macos-x86_64