Last updated on 2021-01-25 08:48:53 CET.
Flavor | Version | Tinstall | Tcheck | Ttotal | Status | Flags |
---|---|---|---|---|---|---|
r-devel-linux-x86_64-debian-clang | 0.3.1 | 2.18 | 26.95 | 29.13 | OK | |
r-devel-linux-x86_64-debian-gcc | 0.3.1 | 1.63 | 21.56 | 23.19 | OK | |
r-devel-linux-x86_64-fedora-clang | 0.3.1 | 44.85 | NOTE | |||
r-devel-linux-x86_64-fedora-gcc | 0.3.1 | 34.34 | OK | |||
r-devel-windows-ix86+x86_64 | 0.3.1 | 5.00 | 38.00 | 43.00 | OK | |
r-patched-linux-x86_64 | 0.3.1 | 2.12 | 26.24 | 28.36 | OK | |
r-patched-solaris-x86 | 0.3.1 | 52.90 | OK | |||
r-release-linux-x86_64 | 0.3.1 | 2.12 | 26.13 | 28.25 | OK | |
r-release-macos-x86_64 | 0.3.1 | OK | ||||
r-release-windows-ix86+x86_64 | 0.3.1 | 11.00 | 45.00 | 56.00 | OK | |
r-oldrel-macos-x86_64 | 0.3.1 | OK | ||||
r-oldrel-windows-ix86+x86_64 | 0.3.1 | 3.00 | 42.00 | 45.00 | OK |
Version: 0.3.1
Check: Rd cross-references
Result: NOTE
Undeclared package ‘rsoi’ in Rd xrefs
Flavor: r-devel-linux-x86_64-fedora-clang