CRAN Package Check Results for Package rnoaa

Last updated on 2021-01-25 08:48:53 CET.

Flavor Version Tinstall Tcheck Ttotal Status Flags
r-devel-linux-x86_64-debian-clang 1.3.0 12.74 95.55 108.29 OK
r-devel-linux-x86_64-debian-gcc 1.3.0 10.33 72.94 83.27 OK
r-devel-linux-x86_64-fedora-clang 1.3.0 132.33 OK
r-devel-linux-x86_64-fedora-gcc 1.3.0 122.46 OK
r-devel-windows-ix86+x86_64 1.3.0 24.00 106.00 130.00 OK
r-patched-linux-x86_64 1.3.0 12.58 88.45 101.03 OK
r-patched-solaris-x86 1.3.0 163.60 OK
r-release-linux-x86_64 1.3.0 12.23 89.13 101.36 OK
r-release-macos-x86_64 1.3.0 OK
r-release-windows-ix86+x86_64 1.3.0 27.00 122.00 149.00 OK
r-oldrel-macos-x86_64 1.3.0 ERROR
r-oldrel-windows-ix86+x86_64 1.3.0 18.00 111.00 129.00 OK

Check Details

Version: 1.3.0
Check: tests
Result: ERROR
     Running ‘testthat.R’ [11s/20s]
    Running the tests in ‘tests/testthat.R’ failed.
    Last 13 lines of output:
     4. └─rnoaa::ghcnd_search(...)
     5. └─rnoaa::ghcnd(stationid, refresh = refresh, ...)
     6. └─base::lapply(...)
     7. └─rnoaa:::FUN(X[[i]], ...)
     8. └─rnoaa:::ghcnd_GET(this_station, ...)
     9. ├─utils::write.csv(dat, fp, row.names = FALSE)
     10. │ └─base::eval.parent(Call)
     11. │ └─base::eval(expr, p)
     12. │ └─base::eval(expr, p)
     13. └─utils::write.table(...)
     14. └─base::file(file, ifelse(append, "a", "w"))
    
     [ FAIL 1 | WARN 4 | SKIP 63 | PASS 64 ]
     Error: Test failures
     Execution halted
Flavor: r-oldrel-macos-x86_64