Last updated on 2021-04-22 07:48:19 CEST.
Flavor | Version | Tinstall | Tcheck | Ttotal | Status | Flags |
---|---|---|---|---|---|---|
r-devel-linux-x86_64-debian-clang | 0.2.2 | 3.20 | 34.24 | 37.44 | NOTE | |
r-devel-linux-x86_64-debian-gcc | 0.2.2 | 2.49 | 27.04 | 29.53 | NOTE | |
r-devel-linux-x86_64-fedora-clang | 0.2.2 | 54.77 | NOTE | |||
r-devel-linux-x86_64-fedora-gcc | 0.2.2 | 44.70 | NOTE | |||
r-devel-windows-ix86+x86_64 | 0.2.2 | 9.00 | 57.00 | 66.00 | NOTE | |
r-devel-windows-x86_64-gcc10-UCRT | 0.2.2 | NOTE | ||||
r-patched-linux-x86_64 | 0.2.2 | 3.02 | 33.17 | 36.19 | OK | |
r-patched-solaris-x86 | 0.2.2 | 72.60 | OK | |||
r-release-linux-x86_64 | 0.2.2 | 3.52 | 32.80 | 36.32 | OK | |
r-release-macos-x86_64 | 0.2.2 | OK | ||||
r-release-windows-ix86+x86_64 | 0.2.2 | 8.00 | 60.00 | 68.00 | OK | |
r-oldrel-macos-x86_64 | 0.2.2 | OK | ||||
r-oldrel-windows-ix86+x86_64 | 0.2.2 | 17.00 | 54.00 | 71.00 | OK |
Version: 0.2.2
Check: LazyData
Result: NOTE
'LazyData' is specified without a 'data' directory
Flavors: r-devel-linux-x86_64-debian-clang, r-devel-linux-x86_64-debian-gcc, r-devel-linux-x86_64-fedora-clang, r-devel-linux-x86_64-fedora-gcc, r-devel-windows-ix86+x86_64, r-devel-windows-x86_64-gcc10-UCRT