Last updated on 2021-04-17 07:47:53 CEST.
Flavor | Version | Tinstall | Tcheck | Ttotal | Status | Flags |
---|---|---|---|---|---|---|
r-devel-linux-x86_64-debian-clang | 0.1.3 | 12.77 | 99.38 | 112.15 | NOTE | |
r-devel-linux-x86_64-debian-gcc | 0.1.3 | 9.90 | 72.69 | 82.59 | NOTE | |
r-devel-linux-x86_64-fedora-clang | 0.1.3 | 137.52 | NOTE | |||
r-devel-linux-x86_64-fedora-gcc | 0.1.3 | 128.12 | NOTE | |||
r-devel-windows-ix86+x86_64 | 0.1.3 | 26.00 | 97.00 | 123.00 | NOTE | |
r-devel-windows-x86_64-gcc10-UCRT | 0.1.3 | NOTE | ||||
r-patched-linux-x86_64 | 0.1.3 | 11.85 | 90.16 | 102.01 | NOTE | |
r-patched-solaris-x86 | 0.1.3 | 166.90 | NOTE | |||
r-release-linux-x86_64 | 0.1.3 | 11.86 | 90.22 | 102.08 | NOTE | |
r-release-macos-x86_64 | 0.1.3 | NOTE | ||||
r-release-windows-ix86+x86_64 | 0.1.3 | 43.00 | 129.00 | 172.00 | NOTE | |
r-oldrel-macos-x86_64 | 0.1.3 | NOTE | ||||
r-oldrel-windows-ix86+x86_64 | 0.1.3 | 15.00 | 113.00 | 128.00 | NOTE |
Version: 0.1.3
Check: package dependencies
Result: NOTE
Packages suggested but not available for checking:
'mimic.demo', 'eicu.demo'
Flavors: r-devel-linux-x86_64-debian-clang, r-devel-linux-x86_64-debian-gcc, r-devel-linux-x86_64-fedora-clang, r-devel-linux-x86_64-fedora-gcc, r-devel-windows-ix86+x86_64, r-devel-windows-x86_64-gcc10-UCRT, r-patched-linux-x86_64, r-patched-solaris-x86, r-release-linux-x86_64, r-release-macos-x86_64, r-release-windows-ix86+x86_64, r-oldrel-macos-x86_64, r-oldrel-windows-ix86+x86_64
Version: 0.1.3
Check: LazyData
Result: NOTE
'LazyData' is specified without a 'data' directory
Flavors: r-devel-linux-x86_64-debian-clang, r-devel-linux-x86_64-debian-gcc, r-devel-linux-x86_64-fedora-clang, r-devel-linux-x86_64-fedora-gcc, r-devel-windows-ix86+x86_64, r-devel-windows-x86_64-gcc10-UCRT