CRAN Package Check Results for Package rgenoud

Last updated on 2021-01-20 07:49:24 CET.

Flavor Version Tinstall Tcheck Ttotal Status Flags
r-devel-linux-x86_64-debian-clang 5.8-3.0 14.46 51.96 66.42 NOTE
r-devel-linux-x86_64-debian-gcc 5.8-3.0 7.75 46.46 54.21 NOTE
r-devel-linux-x86_64-fedora-clang 5.8-3.0 93.78 NOTE
r-devel-linux-x86_64-fedora-gcc 5.8-3.0 99.86 NOTE
r-devel-windows-ix86+x86_64 5.8-3.0 27.00 99.00 126.00 NOTE
r-patched-linux-x86_64 5.8-3.0 10.22 57.29 67.51 NOTE
r-patched-solaris-x86 5.8-3.0 109.50 NOTE
r-release-linux-x86_64 5.8-3.0 9.79 71.20 80.99 WARN
r-release-macos-x86_64 5.8-3.0 NOTE
r-release-windows-ix86+x86_64 5.8-3.0 33.00 115.00 148.00 NOTE
r-oldrel-macos-x86_64 5.8-3.0 NOTE
r-oldrel-windows-ix86+x86_64 5.8-3.0 23.00 103.00 126.00 NOTE

Additional issues

clang-UBSAN gcc-UBSAN

Check Details

Version: 5.8-3.0
Check: R code for possible problems
Result: NOTE
    genoud: multiple local function definitions for 'fn1.bfgs' with
     different formal arguments
    genoud: multiple local function definitions for 'gr1' with different
     formal arguments
    genoud: multiple local function definitions for 'hess.fn' with
     different formal arguments
    genoud_transform: multiple local function definitions for 'fn1.bfgs'
     with different formal arguments
    genoud_transform: multiple local function definitions for 'gr1' with
     different formal arguments
Flavors: r-devel-linux-x86_64-debian-clang, r-devel-linux-x86_64-debian-gcc, r-devel-linux-x86_64-fedora-clang, r-devel-linux-x86_64-fedora-gcc, r-devel-windows-ix86+x86_64, r-patched-linux-x86_64, r-patched-solaris-x86, r-release-linux-x86_64, r-release-macos-x86_64, r-release-windows-ix86+x86_64, r-oldrel-macos-x86_64, r-oldrel-windows-ix86+x86_64

Version: 5.8-3.0
Check: Rd cross-references
Result: NOTE
    Undeclared package ‘Matching’ in Rd xrefs
Flavor: r-devel-linux-x86_64-fedora-clang

Version: 5.8-3.0
Check: re-building of vignette outputs
Result: WARN
    Error(s) in re-building vignettes:
     ...
    --- re-building ‘rgenoud.Rnw’ using Sweave
    ## rgenoud (Version 5.8-3.0, Build Date: 2019-01-22)
    ## See http://sekhon.berkeley.edu/rgenoud for additional documentation.
    ## Please cite software as:
    ## Walter Mebane, Jr. and Jasjeet S. Sekhon. 2011.
    ## ``Genetic Optimization Using Derivatives: The rgenoud package for R.''
    ## Journal of Statistical Software, 42(11): 1-26.
    ##
    
    Error: processing vignette 'rgenoud.Rnw' failed with diagnostics:
    Running ‘texi2dvi’ on ‘rgenoud.tex’ failed.
    LaTeX errors:
    ! Undefined control sequence.
    <recently read> \Hy@colorlink
    
    l.109 \begin{document}
    
    ! Undefined control sequence.
    \close@pdflink ->\Hy@endcolorlink
     \Hy@VerboseLinkStop \pdfendlink
    l.109 \begin{document}
    
    ! Undefined control sequence.
    <recently read> \Hy@colorlink
    
    l.109 \begin{document}
    
    ! Undefined control sequence.
    \close@pdflink ->\Hy@endcolorlink
     \Hy@VerboseLinkStop \pdfendlink
    l.109 \begin{document}
    
    --- failed re-building ‘rgenoud.Rnw’
    
    SUMMARY: processing the following file failed:
     ‘rgenoud.Rnw’
    
    Error: Vignette re-building failed.
    Execution halted
Flavor: r-release-linux-x86_64